k + 14. Let u(n) = 2*b(n) - h(n). What is u(-9)?
26
Let w(f) be the third derivative of -f**4/6 + f**3/2 + 6985*f**2. Suppose 0*k - 5*k = -2*s, 0 = -s + k + 3. Give w(s).
-17
Let v(c) = c**2 + 7*c + 7. Let t be 114/2*-4*3/(-9). Let q = t + -83. Give v(q).
7
Let g(c) be the first derivative of 2*c**3/3 - 9*c**2/2 + 2*c + 15. Let i = -540 + 546. Give g(i).
20
Let w(a) = a - 9. Suppose c + 51 + 26 = n, -234 = 3*c - 2*n. Let q = c + 91. Give w(q).
2
Let v(g) = -6*g**2 + 13*g**2 - 1419*g**3 + 7*g + 1420*g**3 + 6. Let r be (-18)/4*(-108)/(-81). Give v(r).
0
Let s(k) = k**3 + k + 3 + 3*k**3 - k**2 + 4. Let m(o) = 3*o**3 - 2*o**2 + o + 6. Let v(p) = -5*m(p) + 4*s(p). Suppose 0 = -67*q + 62*q - 30. Give v(q).
4
Let h(i) = -i**3 - i. Let k(b) = 2*b**3 - 5*b**2 + b - 2. Let c(d) = 3*h(d) + k(d). Let q = -114 + 109. Determine c(q).
8
Let s(v) = v**2 - 4*v + 6. Let y be s(4). Let m(n) = 14*n**2 + 8*n - 38. Let p(b) = -11*b**2 - 8*b + 31. Let x(t) = 4*m(t) + 5*p(t). Determine x(y).
-9
Let m(l) = -l. Let a(p) = -2*p**3 + 9*p**2 - 11. Let t(i) = i**3 + i + 1. Let v(u) = -a(u) - t(u). Suppose 28 = 5*c - 17. Let w be v(c). What is m(w)?
-1
Suppose -3*m - q - 313 = -2, -3*m - 3*q = 303. Let z be (-20)/(-6)*(-252)/m. Let k(w) = 45 - z*w + w**2 - 45. Calculate k(8).
0
Let l = -17 + 17. Suppose 2*a = -4*m, -4*a = -l*m + 3*m. Suppose 4*p + 4 - 24 = a. Let h(u) = 2*u - 3. What is h(p)?
7
Let f(n) be the first derivative of 5/2*n**2 + 1/4*n**4 + 24 + 3*n + 2*n**3. What is f(-5)?
3
Let o(g) = -g**3 + 7*g**2 + g + 9. Suppose 34*k - 73 - 59 = 106. Calculate o(k).
16
Suppose 5*r - 5*a - 95 = 0, 5*r + 4*a - 88 - 16 = 0. Let c(y) = 20*y + r*y - 3*y**2 + 4*y**2 - 34*y. Give c(-6).
0
Let q(c) = -11*c - 253. Let u(j) = 6*j + 148. Let g(b) = -4*q(b) - 7*u(b). What is g(5)?
-14
Let r(w) = w**3 + 7*w**2 + 9*w + 6. Let o = 121 + -101. Suppose -4 = -2*x + 2*l + 18, 3*x - 8 = -2*l. Suppose x = -o*t + 19*t. What is r(t)?
-12
Let u(l) = -2*l**2 + 9*l - 1. Let h be u(4). Let r(k) = 5*k - 8. Let s be r(h). Let n = 1 + s. Let g(z) = -z**3 + 9*z**2 - 7*z - 6. Give g(n).
2
Let g(l) = -23*l + 21*l + 7043 - 7113 - 10*l. Determine g(-6).
2
Let c(q) = -2*q**3 + 9*q**2 + 23*q - 87. Let n be c(5). Let h(w) be the second derivative of w + 0 - w**2 + 1/12*w**4 + 0*w**n. Calculate h(-4).
14
Let h = -38 + 35. Let t(w) = -w - 2. Let l(g) = g + 2. Let y(a) = h*t(a) - 2*l(a). Let r be y(5). Let d(s) = s + 1. Give d(r).
8
Suppose -3*r + h + 4 = -0, 2 = -r - 3*h. Let b be (5 + -2 - 2)/r. Let g(q) be the third derivative of q**6/24 + q**4/24 - q**3/6 + 103*q**2. What is g(b)?
5
Let t(a) = 6*a + 55. Suppose -81*p + 12 = -2*v - 84*p, -8 = -4*p. Calculate t(v).
1
Suppose -2*u = -9*u + 14. Let t(p) = -p**2 + 7*p**2 - 7*p**2 + u*p**2 + p + 1. Suppose 0 = 4*h + 2 - 14. Calculate t(h).
13
Let x(f) = f**2 + 4*f - 5. Let t(d) = d**2 + 4*d - 6. Let z(u) = -3*t(u) + 4*x(u). Suppose -3*i - 5*q = -i + 20, 0 = i + 5*q + 15. What is z(i)?
3
Let f(t) = 2*t - 16. Suppose 61 + 5 = 11*y. Let p(v) = -v**3 - 2*v**2 + 49*v + 5. Let q be p(y). Determine f(q).
6
Let k(q) = 9*q + 77. Let z(c) = -4*c - 38. Let p(w) = -3*k(w) - 7*z(w). Give p(6).
41
Let j(k) = 43*k**3 - 78*k**2 - 430*k - 180. Let x(g) = -7*g**3 + 13*g**2 + 71*g + 30. Let h(s) = -6*j(s) - 37*x(s). Give h(16).
-14
Let b(y) = -11*y - y - 3 - 5*y. Suppose 0 = 5*s + i - 3, s - 4*i + 715 = 661. Calculate b(s).
31
Let x(m) = -4*m + 8. Let f(n) = -3*n - 27. Let l be f(-9). Suppose l = -95*v + 89*v + 24. Determine x(v).
-8
Let k(a) = 3*a**3 - 7*a**2 - a - 4. Let o(j) = 10*j**3 - 22*j**2 - 4*j - 13. Let b(z) = 7*k(z) - 2*o(z). Let y = 19840 + -19835. What is b(y)?
3
Let g(l) = -2014 - 2*l**3 - 2007 + l + 4024. Give g(2).
-11
Suppose 2*y - 5*q = -0*y + 82, -4*q - 8 = 0. Let p = 38 - y. Let v(o) = 16*o + 4. Let f(u) = -u - 1. Let r(m) = -5*f(m) - v(m). Give r(p).
-21
Suppose 11*h - h - 150 = 0. Let u be 2/h + (1 - 78/(-90)). Let q(d) = -2 + 2*d - u*d - d + 0. Give q(-3).
1
Let w = 2674 - 2670. Let m be -7*1/(-4)*4. Let x(r) = 1 + m*r - 8*r + w*r. Determine x(-1).
-2
Let z be ((-2)/6)/((209/2211)/19). Let n = -153 + 90. Let m = n - z. Let p(g) = g**3 - 5*g**2 + 3*g + 3. Give p(m).
-1
Suppose -4*w - 2 = -14. Let c(h) = -2*h - h**w + 2*h - 108*h**2 - 1 + 110*h**2. What is c(1)?
0
Let s(c) = -13*c - 163. Let z(o) = 27*o + 343. Let u(j) = -9*s(j) - 4*z(j). Determine u(-8).
23
Let a be -11 + (44603/78)/47. Let v(j) be the second derivative of -1/12*j**4 - 21*j + 0 - 1/2*j**2 + a*j**3. Give v(6).
5
Let u(d) be the first derivative of 3*d**2/2 - 4*d - 31. Let f(t) = 2*t + 25. Let s be f(-11). Suppose 0 = 4*x + 5*n - 9, -3*n = 3*x - 0 - s. Give u(x).
-16
Let h(x) = 3*x + 5. Let b(y) be the first derivative of y**3/3 - 9*y**2 + 33*y + 29. Let t be b(16). Suppose t = -6*m - 29. Determine h(m).
-10
Let g(b) = 2*b**3 + 50*b**2 + b + 28. Let r be g(-25). Let s(o) = -o + 2*o + 3*o + 8 - r*o. Calculate s(-14).
-6
Let l be -5 + (-1)/(2/(-16)). Suppose 2*b - 3*v - 1504 = 0, 4*b = -b + l*v + 3751. Let u(c) = -b + c**2 + 0*c**3 + 743 + c + c**3. Calculate u(0).
-6
Let w(a) be the first derivative of -a**3/3 + a**2 - 3*a + 105. Let h(m) = 3*m**2 - 6*m + 9. Let s(q) = 4*h(q) + 11*w(q). What is s(2)?
3
Let t(a) = 0*a**3 + 15*a - 244 - 2*a**3 - 51*a**2 + a**3 + 57*a**2 + 254. Calculate t(8).
2
Suppose -7076 = 11*z - 7076. Let f(y) be the second derivative of 0 + 3/20*y**5 + 1/6*y**3 + 3*y + z*y**2 + 1/4*y**4. Calculate f(-2).
-14
Let f(p) = -2*p**2 + 4*p. Let q(x) = 24 - 6 - 6 - 11. Let h(w) = f(w) - 5*q(w). Let m be 9/(-21) - ((-186)/14)/3. What is h(m)?
-21
Let l be (34 - 64)*(310/(-50) - -6). Let k(t) be the first derivative of -t**2 + 4*t - 1. What is k(l)?
-8
Let x(j) be the third derivative of -j**4/12 - 3*j**3/2 + 1170*j**2. Give x(-8).
7
Let m be 92/3*27/(-30) - (-12)/20. Let l(w) = -2*w**2 - 51*w + 24. Give l(m).
-57
Let m(l) = 9*l**3 + 21*l**2 - l + 83. Let u(h) = 4*h**3 + 10*h**2 + 39. Let a(x) = -3*m(x) + 7*u(x). Give a(-7).
3
Let k = -2 + 6. Suppose -3*s + 0*s - 11 = -5*g, 0 = 5*s - k*g + 1. Let p(m) = -m + 28*m**2 + 1 - 13*m**2 - 14*m**2. Calculate p(s).
7
Let s(a) = 0*a**2 - 9*a + 1 - 10 - a**2. Let r(d) = -d**2 + 9*d**2 + d - 8*d - 7*d**2. Let y be r(6). Determine s(y).
9
Let m(h) = -h**2 + 9*h + 15. Let c(i) = -i**3 - 37*i**2 - 77*i - 64. Let f(u) = -u - 1. Let j(t) = c(t) - 5*f(t). Let z be j(-35). Determine m(z).
-7
Let f be 630/(-216) - (-2)/(-24). Let p(l) = -1 - 136*l + 66*l + 69*l - l**3 - 2*l**2. Calculate p(f).
11
Let s(j) = -3*j - 37. Let b be s(-13). Suppose -b*v - 168 = -6*v. Let x = v + -41. Let f(q) = q**2 - 2*q. Determine f(x).
-1
Let u(q) = -2*q**3 - 21*q**2 + 11*q - 13. Suppose 11*h - 2377 + 2498 = 0. Calculate u(h).
-13
Let l(w) = 2*w**3 - 17*w**2 + 96*w - 59. Let f(t) = 3*t**3 - 25*t**2 + 147*t - 89. Let h(d) = 5*f(d) - 8*l(d). Determine h(7).
-8
Let g(v) = 2*v**2 + 50*v - 157. Let t(n) = -n**2 - 2*n + 1. Let x(i) = g(i) + 3*t(i). Determine x(40).
6
Let h(r) be the first derivative of r**4/4 + 7*r**3 - 12*r**2 - 38*r + 1452. Calculate h(-22).
6
Let z(u) = 9*u - 338 + 115 + 115 + u**2 + 10*u + 110 - 7*u. Let n be 2/((8/22)/(-2)). Determine z(n).
-9
Suppose -36*y - q + 22 = -34*y, -y = -q - 8. Let b(o) = o**2 - 16*o - 11. Calculate b(y).
-71
Let c(t) = -4*t**3 + 8*t**2 + 7*t + 1. Let z(d) = -5*d**3 + 11*d**2 + 10*d + 1. Let h(x) = 3*c(x) - 2*z(x). Give h(-1).
4
Let b(q) = 4*q + 1. Let i(a) = -4*a + 10*a**2 - a**3 + 6*a - 25 + 13*a - 2*a. Let j be i(11). Give b(j).
-11
Let h(l) = 2*l + 14. Suppose n - 709*c + 706*c = 0, 3*n + 12 = 5*c. What is h(n)?
-4
Let l(n) be the first derivative of 2*n**3/3 - 26*n**2 + 41*n - 1304. Determine l(25).
-9
Let d(x) = x**3 - 20*x**2 - 12*x + 267. Let f be d(20). Suppose 7*q - 29 = f. Let u(m) = m**2 - 8*m + 4. Calculate u(q).
4
Let t be ((-1)/(-3))/(10/(-1290))*1. Let m be (-1 + 0)*-3 + (-172)/t. Let f(a) = a + 8*a - m*a + a**3 - 6 - 7*a**2. Calculate f(7).
8
Let t(h) = -4*h - 2. Let n be (0 + (-70)/42)/(10/(-36)). Give t(n).
-26
Let q(t) be the first derivative of -t**3/3 + 7*t**2/2 + 5*t - 2. Let o(d) = -32*d - 50. Let b be o(-4). Suppose -14*s + b = -s. Give q(s).
11
Suppose -31 = h + 4. Let c be -9 + (-8)/(-10)*h/(-14). Let s(v) = v**2 + 9*v + 10. Determine s(c).
-4
Let h(x) = -23*x + 5*x + 6*x + 13*x. Let b(k) = -7*k - 37. Le